(t) = t**2 + t + 1. Let l = 8 - 5. Suppose 3*y - 26 - 127 = 0. What is the remainder when y is divided by o(l)?
12
Suppose -u = -119 - 33. Calculate the remainder when u is divided by 4.
0
Let w be 2 + 2*66 + -3. Let r = w + -46. What is the remainder when r is divided by 43?
42
Suppose 7*r - 8*r - 3*b + 282 = 0, 0 = 5*r - 3*b - 1392. Calculate the remainder when r is divided by 20.
19
Suppose 3*o - 3*b - 10 - 62 = 0, 0 = -5*b - 10. What is the remainder when 31 is divided by o?
9
Suppose 5*o + 3*z = 147, -5*z = 5*o + 67 - 212. What is the remainder when 151 is divided by o?
1
Suppose -3*k + 8 = -10. What is the remainder when 20 + -14 - 147/(-3) is divided by (-2)/k + (-116)/(-6)?
17
Let x = -4 + 7. Suppose -4*t + 0*t = 2*c - 22, -x*c + 2*t + 73 = 0. What is the remainder when 35 is divided by c?
14
Let k(x) = -x**3 + 9*x**2 - 8*x + 17. What is the remainder when 185 is divided by k(8)?
15
Let b = -182 + 280. Calculate the remainder when b is divided by 29.
11
Suppose -3*l - 1 = -10. Let a = l + -9. Let u(s) = -s**2 - 7*s - 3. Calculate the remainder when 10 is divided by u(a).
1
What is the remainder when (2 - (2 + (3 - 1)))*-73 is divided by 42?
20
Let b = 11 - 38. What is the remainder when 22 is divided by 15*8/(-10)*b/36?
4
Calculate the remainder when (15*1)/((-9)/(-99)) is divided by 39.
9
Let j = 4 - 1. Suppose 13 = -m + j*n, -2*m + 0*m - 1 = -n. Suppose -4*t + 2*s + 44 = 0, 3*s = m*t - 0*t - 22. Calculate the remainder when 42 is divided by t.
9
Let g(q) = -2*q**2 + 36*q - 34. What is the remainder when 109 is divided by g(15)?
53
Let d = 56 + -58. Let o(r) = 14*r**2 - r + 2. Suppose 0*s = 2*s - 32. What is the remainder when o(d) is divided by s?
12
Suppose -3*t - 5 = -5*m + 25, 4*m + 3 = -3*t. Let n(i) = -i**3 - 3*i**2 + 7*i + 4. Let x = -12 - -85. What is the remainder when x is divided by n(t)?
16
Suppose p = -p + 50. Let h = p - 7. What is the remainder when ((-2272)/(-48))/(4/(-12)*-2) is divided by h?
17
Suppose -2*g = 4*h - 132, 0 = -4*h + 31 - 11. Suppose 2*n - 27 - 29 = -3*v, -2*n + 4*v + g = 0. What is the remainder when n is divided by 15?
13
Suppose -2*x + 55 = 4*c - c, x - 4*c = 55. Calculate the remainder when 166 is divided by x.
26
Let x(i) = -i**2 + 5*i + 4. Let m be ((-3 - -8) + -4)*4. Suppose v - 29 = -0*v. What is the remainder when v is divided by x(m)?
5
Let x = 15 - -1. Suppose -3*m = 18 - 9. Let q = m - -34. Calculate the remainder when q is divided by x.
15
Let z = -135 + 60. Calculate the remainder when 2 is divided by -6*(4 - z/(-18)).
0
Suppose -3*w = -4*u + 87, -3*u - 3*w = u - 57. Suppose 0 = 15*g - u*g + 12. Suppose 5 = -3*c + 26. What is the remainder when c is divided by g?
3
Let w(k) = -2*k**2 + 11*k - 3. Let h be w(5). Suppose h*f - 20 = -2. Calculate the remainder when 32 is divided by f.
5
Suppose 68 = 3*y + r, -4*r + 62 = -2*y + 4*y. Suppose 0 = 5*x - 2*x - 54. Calculate the remainder when (-2)/6 - (-1086)/x is divided by y.
18
Let g = -27 - -30. Suppose 7*f - 56 = g*f. Let a = -10 + f. Calculate the remainder when 11 is divided by a.
3
Suppose 0 = 59*v - 58*v - 53. What is the remainder when v is divided by 12?
5
Let b(y) = -y**3 + 7*y**2 + 2*y - 14. Let i be b(7). Calculate the remainder when 50 is divided by 48/12 + (i - -9).
11
Suppose -1624 = -22*z - 238. What is the remainder when z is divided by 8?
7
Suppose 4*q - 17 = -5*v - 1, -q + 11 = 3*v. Suppose 3*p = v*j + 24, 3*j + 1 + 4 = -p. Calculate the remainder when 30/(-105) - (-93)/7 is divided by p.
1
Let d(r) = -11*r + 168. What is the remainder when d(-4) is divided by 52?
4
Suppose -3*c + 4*w = 39, 0 = -0*c + 2*c + 4*w + 6. Let t = 55 - c. Calculate the remainder when t is divided by 22.
20
Let b(x) = -4*x + 2*x - x + 4*x**2. Calculate the remainder when 29 is divided by b(2).
9
Suppose 2*t - 2*v - 8 = 0, 2*v - 7 = -2*t + 9. Calculate the remainder when 375 is divided by t.
3
Suppose 5*i = 13 + 2. Suppose -i*c + 7*c = 104. Let p = c + -16. Calculate the remainder when 29 is divided by p.
9
Let q = 47 + -26. Let u(o) = -o**3 + 4*o**2 + o + 2. What is the remainder when q is divided by u(4)?
3
Let k(t) = t**2 + 18*t + 26. Let p be k(-12). Let s = 59 + p. What is the remainder when s is divided by 8?
5
Suppose -2*c - 1288 = -3*d, 13*d = 12*d - 3*c + 433. Calculate the remainder when d is divided by 14.
10
Let r = 21 + -60. What is the remainder when 99 is divided by 650/r*3/(-2)?
24
Let w(i) = 6*i - 1. Suppose 153*q + 3955 = 188*q. Calculate the remainder when q is divided by w(5).
26
Let a = 575 + -401. Let b = a - 105. Let s(n) = 4*n**2 + 2. What is the remainder when b is divided by s(2)?
15
Let z = -4 - -18. Suppose -5*l + 70 = 5*j, -j = -2*l + 6*l - z. Suppose 2*g - q - 36 = -5*q, -g + j = 3*q. What is the remainder when 76 is divided by g?
24
Let l(j) = j + 23. Let u be 78/(-12) + (-1)/(-2). Let a be 217/(-14) - u/4. What is the remainder when l(a) is divided by 6?
3
Let p(s) = s**3 + 10*s**2 - 16*s + 12. Let g be p(6). Suppose -4*v - l + 6*l = -g, 0 = -3*l. What is the remainder when v is divided by 14?
11
Let l(p) = -2*p - 14. Let m be l(-11). Calculate the remainder when 150 is divided by (-380)/m*4/(-5).
36
Suppose 0 = -2*d + 6 + 46. What is the remainder when 885/18*1 - 11/66 is divided by d?
23
Let i(l) = 4*l**2 + 19*l - 30. Calculate the remainder when i(-7) is divided by 22.
11
Suppose -2*j = -7*j + 5, 2*v + 4*j - 24 = 0. Let o be 2/(-2)*5*v. Let g = o + 89. Calculate the remainder when g is divided by 20.
19
Let v(m) = m + 2. Let k be v(0). Let q(d) = -2*d**3 + 44*d**2 + 99*d - 48. Calculate the remainder when q(24) is divided by -2 + 0 + 18/k.
3
Let t(q) = q**2 + 18*q - 18. Let x be t(-21). Suppose x = 2*z - 19. What is the remainder when 95 is divided by z?
31
Let k = -11 - -20. Let a be k*-2*(-4)/36. Suppose -6 = -a*w + 4*p, 2*w = -3*p - 2*p + 15. Calculate the remainder when 24 is divided by w.
4
Let l(w) = 491*w**3 + 2*w**2 - 7*w + 5. Calculate the remainder when l(1) is divided by 13.
10
Calculate the remainder when 500 is divided by 610/12 + 115/690.
41
Suppose 19 = -15*i - 26. What is the remainder when i*(9 - 2)/((-3)/11) is divided by 41?
36
Calculate the remainder when (-1)/((-2778)/555 - (2 - 7)) is divided by 32.
25
Let w(x) = -2 + 4*x**2 + 7*x - 2*x**2 - 4*x. Let o(h) = h**3 + 8*h**2 + 4. Calculate the remainder when o(-7) is divided by w(-4).
17
Suppose 4*p = -2*u + 4, 5*u = -0*p - p + 46. What is the remainder when (72/(-48))/(2/(-76)) is divided by u?
7
Suppose 23*p - 19*p = 192. Let u(m) = m + 15. Let k be u(-9). Suppose 0 = 2*z - k*z + 68. Calculate the remainder when p is divided by z.
14
Suppose -151 = -f - 2*g, -4*f + 0*g + 634 = -2*g. Suppose 171 = f*m - 154*m. Calculate the remainder when m is divided by 20.
17
Let w(k) = -18*k - 14. Let a be w(-6). Let b = 14 + a. What is the remainder when b is divided by 37?
34
Suppose 0 = 2*m - 2*p - 12, -4*p = 3*m - 4*m + 12. Suppose 123 + 17 = m*q. What is the remainder when q is divided by 80/8 - (6 - 8)?
11
Let m be ((-70)/45)/(-2) - (-2)/9. What is the remainder when 48 is divided by (m/(-2))/(10/(-100))*5?
23
Let k = 32 - 7. Let o be (1 + 8)*(-2 + 4/6). Let g = k + o. What is the remainder when g is divided by 3?
1
Suppose -5*o = 3*p - 57, 4*p = -37 + 53. Calculate the remainder when o is divided by 1*((2 - -1) + -1).
1
Let n(r) = 29*r - 3 - 6 + 4 - 2. Let h(q) = 59*q - 15. Let x(g) = 2*h(g) - 5*n(g). What is the remainder when x(-4) is divided by 29?
26
Let m(y) = y**3 - 37*y**2 - 32*y - 194. What is the remainder when 258 is divided by m(38)?
20
Suppose -2*p + 0*p = -8. Let y(z) = z**3 - 3*z**2 - 5*z + 4. Let s be y(p). Suppose s = -0*g - 3*g + 12. Calculate the remainder when g is divided by 2.
0
Let y = 24 + -2. Suppose 0 = -5*c, -3*b = -4*b + 5*c + 64. What is the remainder when b is divided by y?
20
Let d be (-12 + -2)/(5 + -6). Let p be (24/d)/(9/63). Let y = 26 - p. What is the remainder when 24 is divided by y?
10
Let q(w) = -w**3 + 12*w**2 + 14*w - 11. Let n be q(13). Suppose -n - 22 = -6*v. Suppose 3*s - s = 22. What is the remainder when s is divided by v?
3
Suppose 3*m + t = 47, 0 = -m - 3*t - 1 + 22. Suppose 11*n = 14*n - m. Calculate the remainder when 27 is divided by n.
2
Let g(p) = p**3 - 2*p**2 - 8*p + 10. Let b(d) = 2*d - 22. What i